ns digit of p?
1
Let h = 28 - 25. Suppose -c - 5*q = -56, -10 = -2*c + h*q + 37. What is the units digit of c?
1
Let i be (-4)/(-18) - (-1118)/234. Suppose 5*h + 1132 = 4*t, i*h - 140 = -t + 143. What is the tens digit of t?
8
Let q = 20 + -15. Suppose q*h = 1 + 4. What is the tens digit of -47*(3 + -4)/h?
4
Let y(v) = -v + 187. Let m be y(0). Suppose 0 = 4*i - 20, -3*n + m = -0*n + 2*i. What is the units digit of n?
9
Let n = 2996 - 692. Suppose -21*u = -30*u + n. What is the tens digit of u?
5
Suppose -2*k - 4 = 0, 2*b + b + 3*k - 30 = 0. Suppose -6*f + 5*g = -2*f - 1123, 4*g = -b. Suppose -6*t + f = 7. What is the units digit of t?
5
Let w = -14 + 33. Suppose -w*r + 20*r = 184. What is the hundreds digit of r?
1
Let u = 509 - -191. What is the tens digit of u?
0
Let v(p) = p**3 - 4*p**2 - 5*p - 6. Let j be v(5). Let d = 4 + j. Let f(y) = 5*y**2 + y + 2. What is the units digit of f(d)?
0
Let h be -1*3/(3/(-2)). Let w(d) = 98*d + 2. Let z be w(1). Suppose -6*r - 5*j = -h*r - z, -r + 5*j + 25 = 0. What is the units digit of r?
5
Let l(j) = -j + 15. Let r be l(0). Suppose 3*d = 3*t + 38 + 181, -3*t - r = 0. Suppose 2*h + 2*h - d = -4*s, 2*s = 4*h - 74. What is the tens digit of h?
1
Let y(z) be the third derivative of -z**4/24 - 2*z**3/3 + 3*z**2. Let w be y(0). Let p(d) = -2*d**3 - 5*d**2 + d + 9. What is the units digit of p(w)?
3
Let h be (12*1)/(15/(-40)). Let f be (-6)/(-8)*(1 - -15). Let j = f - h. What is the units digit of j?
4
What is the hundreds digit of (900/120)/((-5)/(-2076))?
1
Suppose 2*r - 276 = -2*w, 3*w = 3*r - r + 429. Let d = w - 83. What is the tens digit of d?
5
Suppose 4*u - 31 = -5*c, 2*c - 4 - 6 = -u. Suppose f + 3*k = 0, f + u*k = -2*f. Suppose h + 4*h - 139 = t, h - 4*t - 24 = f. What is the tens digit of h?
2
Suppose 5*x - 4*a = -8*a + 21, -3*x - 2*a + 11 = 0. Let q = x - -3. Let h = q - -5. What is the units digit of h?
9
Let s(i) be the third derivative of i**6/120 + i**5/30 - i**4/3 + 4*i**3/3 + 9*i**2. What is the units digit of s(4)?
2
Suppose 9 = -4*r - 11, 679 = 3*b + r. What is the units digit of b?
8
Suppose -22*w + 272 = -18*w. What is the tens digit of ((-1887)/w)/(3/(-8))?
7
Let d = 9 - 8. Suppose -2*m + d = 9. What is the units digit of (m - 0)*(-6)/8?
3
What is the hundreds digit of -6 + 1 + (-21768)/((-30)/5)?
6
Let i be -1 + 4 + (-4)/4. What is the tens digit of i/9 - 1683/(-81)?
2
Let g(t) = 10*t**2 - 2*t - 6. Let a be ((-5)/2 + 2)*-6. What is the units digit of g(a)?
8
Suppose 12 = -3*h, 3*k - h = 3*h + 16. Suppose 4*c + k*c - 5*g = 102, c - 22 = 3*g. Let f = c - 12. What is the units digit of f?
6
Let o(h) = -h**3 + 14*h**2 - 15*h + 16. Let u be o(13). What is the tens digit of 4512/60 - 8/u?
7
What is the units digit of (-4)/(-14) + (-8)/14*-1144?
4
Let b be -100*3/(7 - 1). Let f = b + 55. What is the units digit of f?
5
Suppose 3*f - 22 = -3*w - 1, -5*w - 3*f = -37. Suppose 45 = w*l - 3. What is the units digit of l?
6
Suppose 0 = 6*s - 3*s - 24. Let m = s + -17. Let w = m + 15. What is the units digit of w?
6
Let h = 414 + 346. What is the tens digit of h?
6
Let t be -7*-3*(-4)/(-28). What is the tens digit of (246/(-18))/((-1)/t)?
4
Let k = 53 + -62. Let j(u) = u**3 + 10*u**2 + 8*u + 4. What is the units digit of j(k)?
3
Let b(u) = u**3 - 16*u**2 + 38*u - 219. What is the units digit of b(19)?
6
Let p be 5*(1 + (-2 - 2)). Suppose -2*w - 42 = 4. Let o = p - w. What is the units digit of o?
8
What is the units digit of (-2 - 1) + (-8949)/(-19)?
8
Let z(i) = -70*i - 21. What is the thousands digit of z(-16)?
1
Let x be (-61897)/6919 + (-2)/37. Let u(c) = -17*c - 1. Let s be u(-1). Let v = s + x. What is the units digit of v?
7
Let r(c) = 4*c + 350. What is the units digit of r(0)?
0
Let j(m) = -m**3 - 46*m**2 + 224*m - 70. What is the thousands digit of j(-51)?
1
Let a(k) = 3*k**2 + 55*k + 188. What is the tens digit of a(-20)?
8
Let j = -20 + 110. Suppose -5*g + 2*x - 3*x = 41, 0 = 2*g - 2*x + 26. What is the units digit of 20/j + (-241)/g?
7
Let f be 25/(-9) - -3 - 1186/(-9). Let l = f - -91. What is the tens digit of l?
2
What is the tens digit of 373932/255 + 3/5?
6
Suppose -18*a + 8*a = -5600. What is the hundreds digit of a?
5
What is the units digit of 147/2*(-1)/(-3)*12?
4
Suppose -4*x - 4*f + 150 = -2*f, -2*x + f + 69 = 0. Let j be (x - 1)/(3 + -2). Let q = j + 29. What is the tens digit of q?
6
Suppose -5*q - 4*w = -36, 0 = -q - 2*w - 2*w + 20. What is the units digit of 130/3*6/q?
5
What is the tens digit of (1461/(-6))/((-5)/(-20)*-2)?
8
Let w = -4011 - -5649. What is the units digit of w?
8
Let v(r) = r**2 + r - 3. Let n be v(0). Let j = 9 - n. What is the units digit of 2*(-1 - j/(-8))?
1
Suppose -1092 = 7*u - 19*u. Let h = u + -17. What is the units digit of h?
4
Suppose 25*h = 3534 + 52166. What is the units digit of h?
8
What is the hundreds digit of 91*15*(-2)/(-6)?
4
Let d(h) = h**3 + 6*h**2 + 2. Let o be d(-6). What is the units digit of 11 + (o - (0 + 5))?
8
Let h(s) = s**3 - 5*s**2 + 6*s + 1274. What is the tens digit of h(0)?
7
What is the units digit of (266/(-6) + 2)/((-2)/24)?
8
Let d = -8 + 10. Suppose 0 = c - d*c + 3. Suppose -t = -0*t - 4, -94 = -c*z - t. What is the tens digit of z?
3
Let l = -629 + 211. Suppose 0 = -2*d - 16. What is the units digit of 2/d - l/8?
2
Let m(q) = 20*q**2 - 3*q - 4. Suppose 2*n - 23 = n - 4*b, 2*n = -b + 11. What is the units digit of m(n)?
7
Suppose 5*n + 3*t + 220 = 88, -3*n + 4*t - 56 = 0. Let m be n/36 - 94/(-6). Suppose -2*g + g = -m. What is the tens digit of g?
1
Let c(a) = -183*a + 131. What is the thousands digit of c(-7)?
1
Suppose -h = 3*l - 1184 - 857, -h = -4*l + 2719. What is the tens digit of l?
8
Let a = 13 + 11. Suppose g - a = 10. What is the tens digit of g?
3
Suppose -2*l = 4*b - 2994, 2*l = b + 400 - 1156. What is the tens digit of b?
5
Suppose 5*p = -4*w + 5020, w - 1377 = 3*p - 4389. What is the tens digit of p?
0
Let t = 7 - 2. Let n(v) = 35*v**2 - 4*v - 3. Let b be n(-1). Suppose -y = -t*y + b. What is the units digit of y?
9
Let z = 38 + -35. Suppose -5*h + 160 = 5*y, -3*y + z*h + 74 = -4. What is the tens digit of y?
2
Let u(b) = -b**3 + 9*b**2 + 11*b - 2. Let o(h) = h**2 + 7*h - 2. Let j be o(-8). What is the hundreds digit of u(j)?
1
Suppose 575*a = 570*a + 5160. What is the tens digit of a?
3
Let o(u) = 7*u**2 + 4*u - 7. Suppose -4 = 3*h - 16. What is the hundreds digit of o(h)?
1
Suppose -3*k + 1648 = -128. Suppose -3*i + 7*i = k. What is the hundreds digit of i?
1
Let t be (-2 + 2)/2 - -2. Suppose -2 = t*p - 10. Suppose -5*m + 9 = p*b, -3 = 2*b + 2*m + 3*m. What is the units digit of b?
6
Suppose n = 2*n. Suppose n = 4*k - 0*k. Suppose -3*v + 2*v - 1 = 0, 2*z - 2*v - 46 = k. What is the tens digit of z?
2
Suppose 0 = 4*a + 3*r - 3949, 2*a - 551 - 1421 = -4*r. What is the units digit of a?
8
Suppose 18*w - 14*w + 132 = 0. Let i = w - -28. Let h(y) = -2*y - 5. What is the units digit of h(i)?
5
Let s = -151 + 1373. What is the units digit of s?
2
Suppose 0 = 6*t - 460 - 272. Suppose -9*s = -f - 12*s + 122, -f + 5*s = -t. What is the units digit of f?
2
Suppose -5 - 8 = a. Let t = a + 10. What is the units digit of t/(-4) - 218/(-8)?
8
Let y = 69 - 44. Suppose y = 3*s - 95. What is the tens digit of s?
4
Let v(i) = -616*i - 12. What is the units digit of v(-4)?
2
Suppose -2*n + n - 2*o + 10 = 0, 0 = 2*o - 6. What is the tens digit of -9*((-28)/3)/n?
2
Suppose 6*m - 189 - 21 = 0. Let f be 14/m + 708/5. Let o = -96 + f. What is the tens digit of o?
4
Let t(k) = -k**3 - 3*k**2 - 18*k + 21. What is the tens digit of t(-9)?
6
Suppose -86*r + 82*r + 6328 = 0. What is the tens digit of r?
8
Let w(q) = 2*q**2 - 11*q + 6. Let f be w(6). Suppose 0*t = 4*t + f, -4*a + 352 = -4*t. What is the units digit of a?
5
Suppose -9*f + 9 = -6*f. Let y be (2/f)/((-18)/270). What is the units digit of (4*-4)/(5/y)?
2
Let c(b) = b**3 + 11*b**2 + 6*b - 7. Let l = -79 + 45. Let m = l - -24. What is the units digit of c(m)?
3
Let v(p) = p + 4. Let l be v(-2). Let f be -1 + 0 - (l + 11). Let s = -8 - f. What is the units digit of s?
6
Suppose 26 = -w + 39. Suppose 88 = w*u - 5*u. What is the tens digit of u?
1
Let n(v) be the second derivative of v**5/20 - 2*v**3/3 + 2*v**2 - 6*v. What is the units digit of n(3)?
9
Let b(y) = -4*y